{"id":1386,"date":"2016-01-12T22:33:35","date_gmt":"2016-01-12T22:33:35","guid":{"rendered":"http:\/\/www.maranovalgatarasanrocco.it\/a\/?page_id=1386"},"modified":"2016-01-12T22:33:35","modified_gmt":"2016-01-12T22:33:35","slug":"fabio-luomo-del-male","status":"publish","type":"page","link":"https:\/\/www.maranovalgatarasanrocco.it\/a\/?page_id=1386","title":{"rendered":"Fabio, l\u2019uomo del male"},"content":{"rendered":"<p>\u201c\u2026Nel nome del Signore, andate in pace!\u201d Sono io a non essere in pace, al termine della messa. Mentre distribuivo la comunione ai fedeli ho visto entrare in Chiesa un tizio, un viso losco ed assai poco raccomandabile. Sguardo tetro e sospettoso, aspetto dimesso, aria da malvivente. Si \u00e8 aggirato tra i banchi, facendo arricciare il naso delle vecchiette, per un inequivocabile lezzo di stantio. \u201cChe vorr\u00e0 costui? Soldi? Purch\u00e9 se ne vada presto gli dar\u00f2 una manciata di euro. Vorr\u00e0 rubare dalle cassette delle offerte? Purch\u00e9 non le distrugga, lasceremo fare\u2026 Far\u00e0 del male a qualcuno? Speriamo di no\u2026\u201d Rientro in sagrestia, con questo tumulto di pensieri che mi martellano nella mente e mi fanno accelerare la frequenza cardiaca. Tolgo la casula, la ripongo nell\u2019armadio dei paramenti, mi giro un attimo ed ecco la losca figura comparire sulla porta della sagrestia. Non ho scampo. Il sacrista \u00e8 uscito. L\u2019unica porta \u00e8 occupata da questo mastino. \u201cHo fretta, mi scusi, devo andare a portare la comunione ai malati\u2026\u201d sussurro, evidentemente messo sotto scacco dalla sua imponenza. \u201cPadre, solo una cortesia le chiedo. Vorrei chiedere il perdono di Dio!\u201d Colpito al cuore\u2026 Che faccio? Non posso rifiutare un penitente. Non l\u2019ho mai fatto per nessuna ragione. Non deve succedere\u2026 anche se immagino che questa sia una buona scusa per giungere ad altro. \u201cPadre, non sono degno di stare in piedi, mi consenta di mettermi in ginocchio. Sono un peccatore\u2026\u201d \u201cFigliolo, tutti siamo peccatori\u201d, fingo disinvoltura. \u201cPadre, ho fatto l\u2019esperienza del male. Ho compiuto tanto male. Alla mia famiglia. Ad altre persone, ad altre famiglie\u201d. Gli afferro una mano per aiutarlo a rialzarsi e per condurlo nel confessionale, in modo che nessuno possa sentire la confessione. \u201cPadre, non stringa la mia mano con la sua mano consacrata. Non lo merito. Queste mani grondano sangue\u2026 \u201c<br \/>\nQuelle parole hanno toccato il mio cuore. E\u2019 sparita la paura. L\u2019ho guardato con tenerezza. Mi sentivo abitato dalla misericordia stessa di Dio. Sentivo che in quel momento non ero pi\u00f9 io a parlare. L\u2019ho accompagnato, mantenendo il volto sereno e disteso, nel confessionale. Non avevo pi\u00f9 paura\u2026 Dio stava lavorando in quel cuore. Ed io ero chiamato ad essere canale della misericordia del Padre. La confessione \u00e8 stata lunga, intensa. \u201cIo ti assolvo\u2026\u201d Sentivo il peso di quelle parole, il peso della mano che pu\u00f2 ridonare novit\u00e0 di vita a chi ha toccato davvero il fondo. Sentivo il dono della misericordia divina fluire attraverso la mia mano. In silenzio, si rialza. Esce dal confessionale, mi aspetta fuori. \u201cPadre, grazie!\u201d E qui mi abbracci\u00f2. Un pianto irrefrenabile sgorg\u00f2 dai suoi occhi. Un pianto di liberazione, che bagn\u00f2 la stola e la giacca che indossavo. \u201cDio grande e buono! Che ho mai fatto io, servo inutile, pastore sonnolento, perch\u00e9 Voi mi chiamaste a questo convito di grazia, perch\u00e9 mi faceste degno d&#8217;assistere a un s\u00ec giocondo prodigio!\u201d Queste parole, dette dal Cardinale Federigo all\u2019Innominato, nel racconto della conversione, mi tornarono alla mente. Davvero era un convito di grazia! \u201cDio &#8211; ripresi a dire a quell\u2019uomo &#8211; ti aspetta adesso!\u201d \u201cDove, Padre?\u201d \u201cTi aspetta per le strade. Dove hai seminato tanto male, ti aspetta per seminare tanto bene. Ti aspetta, perch\u00e9 solo tu puoi dargli davvero gloria! Dio vuol dimostrare attraverso di te che l\u2019amore vince tutto, l\u2019amore scioglie anche i cuori pi\u00f9 induriti. Chi si lascia raggiungere dalla grazia, diventa un uomo nuovo!\u201d \u201cChe posso fare adesso?\u201d \u201cVai e dove puoi ripara il male compiuto. Vai e difendi la vita. Vai e sii vicino ai poveri. Vai ed annuncia la misericordia che Dio ha avuto verso di te!\u201d<\/p>\n","protected":false},"excerpt":{"rendered":"<p>\u201c\u2026Nel nome del Signore, andate in pace!\u201d Sono io a non essere in pace, al termine della messa. Mentre distribuivo la comunione ai fedeli ho visto entrare in Chiesa un tizio, un viso losco ed assai poco raccomandabile. Sguardo tetro e sospettoso, aspetto dimesso, aria da malvivente. Si \u00e8 aggirato tra i banchi, facendo arricciare &hellip; <\/p>\n<p><a class=\"more-link btn\" href=\"https:\/\/www.maranovalgatarasanrocco.it\/a\/?page_id=1386\">Continua a leggere<\/a><\/p>\n","protected":false},"author":1,"featured_media":0,"parent":1379,"menu_order":2,"comment_status":"closed","ping_status":"closed","template":"","meta":{"footnotes":""},"class_list":["post-1386","page","type-page","status-publish","hentry","nodate","item-wrap"],"_links":{"self":[{"href":"https:\/\/www.maranovalgatarasanrocco.it\/a\/index.php?rest_route=\/wp\/v2\/pages\/1386","targetHints":{"allow":["GET"]}}],"collection":[{"href":"https:\/\/www.maranovalgatarasanrocco.it\/a\/index.php?rest_route=\/wp\/v2\/pages"}],"about":[{"href":"https:\/\/www.maranovalgatarasanrocco.it\/a\/index.php?rest_route=\/wp\/v2\/types\/page"}],"author":[{"embeddable":true,"href":"https:\/\/www.maranovalgatarasanrocco.it\/a\/index.php?rest_route=\/wp\/v2\/users\/1"}],"replies":[{"embeddable":true,"href":"https:\/\/www.maranovalgatarasanrocco.it\/a\/index.php?rest_route=%2Fwp%2Fv2%2Fcomments&post=1386"}],"version-history":[{"count":1,"href":"https:\/\/www.maranovalgatarasanrocco.it\/a\/index.php?rest_route=\/wp\/v2\/pages\/1386\/revisions"}],"predecessor-version":[{"id":1387,"href":"https:\/\/www.maranovalgatarasanrocco.it\/a\/index.php?rest_route=\/wp\/v2\/pages\/1386\/revisions\/1387"}],"up":[{"embeddable":true,"href":"https:\/\/www.maranovalgatarasanrocco.it\/a\/index.php?rest_route=\/wp\/v2\/pages\/1379"}],"wp:attachment":[{"href":"https:\/\/www.maranovalgatarasanrocco.it\/a\/index.php?rest_route=%2Fwp%2Fv2%2Fmedia&parent=1386"}],"curies":[{"name":"wp","href":"https:\/\/api.w.org\/{rel}","templated":true}]}}