{"id":1405,"date":"2016-01-12T22:44:25","date_gmt":"2016-01-12T22:44:25","guid":{"rendered":"http:\/\/www.maranovalgatarasanrocco.it\/a\/?page_id=1405"},"modified":"2016-01-12T22:44:25","modified_gmt":"2016-01-12T22:44:25","slug":"riccardo-il-non-credente","status":"publish","type":"page","link":"https:\/\/www.maranovalgatarasanrocco.it\/a\/?page_id=1405","title":{"rendered":"Riccardo, il non credente"},"content":{"rendered":"<p>Studente universitario, giocatore di rugby, carattere solare e bellissima storia d\u2019amore con Chiara. E\u2019 un ragazzo buono, disponibile ad aiutare gli altri, gioviale e trascinatore della compagnia: sempre presente quando c\u2019\u00e8 qualche festa. Non manca nulla a questo giovane, se non un po\u2019 di fede. Parliamo di tutto quando ci incontriamo, ma non di Dio. \u201cLasciamo stare\u201d, dice ogni volta che provo ad accennare il discorso. Siamo amici da anni, e non mi ha mai motivato il perch\u00e9 della sua chiusura alla fede. Tempo fa, quando lo invitai a cercare Dio, a leggere il Vangelo per comprendere l\u2019insegnamento di Ges\u00f9, mi disse: \u201cCosa ne sai tu di Dio? Parli di lui come lo avessi incontrato! Ma quando mai lo hai visto? Pensi che il tuo Dio profumi di incenso o sia rivestito di oro? Pensi che sia il Dio dei divieti e dei peccati?\u201d Non capii la sua reazione e lasciai cadere il discorso.<br \/>\nNe ho parlato con qualche amico comune e ne ho ricavato solo scarse informazioni. Sembra che abbia avuto varie sofferenze da ragazzino. Problemi in famiglia, alcolismo del padre, esaurimento nervoso della madre\u2026 Ma non ha mai fatto parola con alcuno di tutto questo. Poi la difficolt\u00e0 economica per anni si \u00e8 fatta sentire: negli anni della scuola lo ha costretto ad uno stile di vita di immenso travaglio, per non umiliarsi ad elemosinare aiuti. E non ha mai perso la sua dignit\u00e0 ed allegria.<br \/>\nOra lavora, pratica sport e vive una relazione serena con la sua ragazza. Dio resta l\u2019escluso da questa vita. Per Dio non c\u2019\u00e8 spazio\u2026 Neanche parlarne! Ovviamente, essendo amici, la questione mi preoccupa un po\u2019 e penso a come riuscire ad affrontare il discorso.<br \/>\nUn giorno suona il cellulare e Riccardo mi chiede un aiuto.<br \/>\n\u201cDon scusa se ti disturbo. Potresti venire qui dove sono io ora? Sono da una famiglia di amici e chiedono un prete. Porta anche l\u2019olio\u2026 Beh sai tu quale olio\u201d. Mi faccio spiegare in che paese abiti questa famiglia e in breve tempo raggiungo la destinazione. Riccardo \u00e8 l\u00ec con loro. Una scena incredibile: una casa poverissima, una miseria incalcolabile. La nonna anziana \u00e8 a letto, morente. La figlia, attorniata da quattro pargoli, abbigliata nella foggia di ben nota ed antica professione, alla mia vista cerca di coprirsi alla meglio. Un bimbo mi avvicina saltellante: \u201cSei tu l\u2019amico di Riccardo? Sei tu che aiuti la nonna ad andare da Ges\u00f9?\u201d \u201cPreghiamo insieme \u2013 dico \u2013 che Ges\u00f9 aiuti la nonna e tutti voi!\u201d Riccardo mi guarda con volto sereno. Leggo sul suo viso l\u2019invito chiaro a non far domande inopportune, bench\u00e9 nella mia mente si affollino miriadi di congetture. Preghiamo insieme, conferisco il sacramento dell\u2019unzione e affido al Signore quell\u2019anima prossima al transito.<br \/>\n\u201cConosci bene Riccardo?\u201d Chiede un marmocchio del gruppo. \u201cSi, siamo amici da tempo!\u201d \u201cSai che \u00e8 il mio allenatore? E\u2019 bravo, sai! Due volte alla settimana viene da noi. Gioca con noi mentre la mamma \u00e8 impegnata. Ci aiuta a studiare e ci porta sempre libri, giochi nuovi ed anche qualche dolcetto. Poi ridendo e scherzando si mette a pulire la casa, a riordinare le cose, a far compagnia alla nonna\u201d. Cerco con lo sguardo Riccardo, ma lui \u00e8 gi\u00e0 sparito.<br \/>\nRientro a casa, pensieroso. Ho nella mente quell\u2019amico non credente, che rifiuta di parlare di Dio, quel il giovane brillante, con una storia di sofferenza alle spalle. E ripenso a quella carit\u00e0, vissuta di nascosto, quasi con il timore di essere notato. \u201cEro affamato, tu mi hai dato da mangiare\u2026 Ero ammalato, tu mi hai visitato\u201d disse Ges\u00f9 un giorno. Nella mia mente riaffiora la sua domanda: \u201cCosa ne sai tu di Dio?\u201d<\/p>\n","protected":false},"excerpt":{"rendered":"<p>Studente universitario, giocatore di rugby, carattere solare e bellissima storia d\u2019amore con Chiara. E\u2019 un ragazzo buono, disponibile ad aiutare gli altri, gioviale e trascinatore della compagnia: sempre presente quando c\u2019\u00e8 qualche festa. Non manca nulla a questo giovane, se non un po\u2019 di fede. Parliamo di tutto quando ci incontriamo, ma non di Dio. &hellip; <\/p>\n<p><a class=\"more-link btn\" href=\"https:\/\/www.maranovalgatarasanrocco.it\/a\/?page_id=1405\">Continua a leggere<\/a><\/p>\n","protected":false},"author":1,"featured_media":0,"parent":1379,"menu_order":8,"comment_status":"closed","ping_status":"closed","template":"","meta":{"footnotes":""},"class_list":["post-1405","page","type-page","status-publish","hentry","nodate","item-wrap"],"_links":{"self":[{"href":"https:\/\/www.maranovalgatarasanrocco.it\/a\/index.php?rest_route=\/wp\/v2\/pages\/1405","targetHints":{"allow":["GET"]}}],"collection":[{"href":"https:\/\/www.maranovalgatarasanrocco.it\/a\/index.php?rest_route=\/wp\/v2\/pages"}],"about":[{"href":"https:\/\/www.maranovalgatarasanrocco.it\/a\/index.php?rest_route=\/wp\/v2\/types\/page"}],"author":[{"embeddable":true,"href":"https:\/\/www.maranovalgatarasanrocco.it\/a\/index.php?rest_route=\/wp\/v2\/users\/1"}],"replies":[{"embeddable":true,"href":"https:\/\/www.maranovalgatarasanrocco.it\/a\/index.php?rest_route=%2Fwp%2Fv2%2Fcomments&post=1405"}],"version-history":[{"count":1,"href":"https:\/\/www.maranovalgatarasanrocco.it\/a\/index.php?rest_route=\/wp\/v2\/pages\/1405\/revisions"}],"predecessor-version":[{"id":1406,"href":"https:\/\/www.maranovalgatarasanrocco.it\/a\/index.php?rest_route=\/wp\/v2\/pages\/1405\/revisions\/1406"}],"up":[{"embeddable":true,"href":"https:\/\/www.maranovalgatarasanrocco.it\/a\/index.php?rest_route=\/wp\/v2\/pages\/1379"}],"wp:attachment":[{"href":"https:\/\/www.maranovalgatarasanrocco.it\/a\/index.php?rest_route=%2Fwp%2Fv2%2Fmedia&parent=1405"}],"curies":[{"name":"wp","href":"https:\/\/api.w.org\/{rel}","templated":true}]}}

<p>Studente universitario, giocatore di rugby, carattere solare e bellissima storia d’amore con Chiara. E’ un ragazzo buono, disponibile ad aiutare gli altri, gioviale e trascinatore della compagnia: sempre presente quando c’è qualche festa. Non manca nulla a questo giovane, se non un po’ di fede. Parliamo di tutto quando ci incontriamo, ma non di Dio. “Lasciamo stare”, dice ogni volta che provo ad accennare il discorso. Siamo amici da anni, e non mi ha mai motivato il perché della sua chiusura alla fede. Tempo fa, quando lo invitai a cercare Dio, a leggere il Vangelo per comprendere l’insegnamento di Gesù, mi disse: “Cosa ne sai tu di Dio? Parli di lui come lo avessi incontrato! Ma quando mai lo hai visto? Pensi che il tuo Dio profumi di incenso o sia rivestito di oro? Pensi che sia il Dio dei divieti e dei peccati?” Non capii la sua reazione e lasciai cadere il discorso.<br />
Ne ho parlato con qualche amico comune e ne ho ricavato solo scarse informazioni. Sembra che abbia avuto varie sofferenze da ragazzino. Problemi in famiglia, alcolismo del padre, esaurimento nervoso della madre… Ma non ha mai fatto parola con alcuno di tutto questo. Poi la difficoltà economica per anni si è fatta sentire: negli anni della scuola lo ha costretto ad uno stile di vita di immenso travaglio, per non umiliarsi ad elemosinare aiuti. E non ha mai perso la sua dignità ed allegria.<br />
Ora lavora, pratica sport e vive una relazione serena con la sua ragazza. Dio resta l’escluso da questa vita. Per Dio non c’è spazio… Neanche parlarne! Ovviamente, essendo amici, la questione mi preoccupa un po’ e penso a come riuscire ad affrontare il discorso.<br />
Un giorno suona il cellulare e Riccardo mi chiede un aiuto.<br />
“Don scusa se ti disturbo. Potresti venire qui dove sono io ora? Sono da una famiglia di amici e chiedono un prete. Porta anche l’olio… Beh sai tu quale olio”. Mi faccio spiegare in che paese abiti questa famiglia e in breve tempo raggiungo la destinazione. Riccardo è lì con loro. Una scena incredibile: una casa poverissima, una miseria incalcolabile. La nonna anziana è a letto, morente. La figlia, attorniata da quattro pargoli, abbigliata nella foggia di ben nota ed antica professione, alla mia vista cerca di coprirsi alla meglio. Un bimbo mi avvicina saltellante: “Sei tu l’amico di Riccardo? Sei tu che aiuti la nonna ad andare da Gesù?” “Preghiamo insieme – dico – che Gesù aiuti la nonna e tutti voi!” Riccardo mi guarda con volto sereno. Leggo sul suo viso l’invito chiaro a non far domande inopportune, benché nella mia mente si affollino miriadi di congetture. Preghiamo insieme, conferisco il sacramento dell’unzione e affido al Signore quell’anima prossima al transito.<br />
“Conosci bene Riccardo?” Chiede un marmocchio del gruppo. “Si, siamo amici da tempo!” “Sai che è il mio allenatore? E’ bravo, sai! Due volte alla settimana viene da noi. Gioca con noi mentre la mamma è impegnata. Ci aiuta a studiare e ci porta sempre libri, giochi nuovi ed anche qualche dolcetto. Poi ridendo e scherzando si mette a pulire la casa, a riordinare le cose, a far compagnia alla nonna”. Cerco con lo sguardo Riccardo, ma lui è già sparito.<br />
Rientro a casa, pensieroso. Ho nella mente quell’amico non credente, che rifiuta di parlare di Dio, quel il giovane brillante, con una storia di sofferenza alle spalle. E ripenso a quella carità, vissuta di nascosto, quasi con il timore di essere notato. “Ero affamato, tu mi hai dato da mangiare… Ero ammalato, tu mi hai visitato” disse Gesù un giorno. Nella mia mente riaffiora la sua domanda: “Cosa ne sai tu di Dio?”</p>

<p>Studente universitario, giocatore di rugby, carattere solare e bellissima storia d’amore con Chiara. E’ un ragazzo buono, disponibile ad aiutare gli altri, gioviale e trascinatore della compagnia: sempre presente quando c’è qualche festa. Non manca nulla a questo giovane, se non un po’ di fede. Parliamo di tutto quando ci incontriamo, ma non di Dio. &hellip; </p>
<p><a class="more-link btn" href="https://www.maranovalgatarasanrocco.it/a/?page_id=1405">Continua a leggere</a></p>
