{"id":204,"date":"2013-10-31T22:12:03","date_gmt":"2013-10-31T22:12:03","guid":{"rendered":"http:\/\/www.maranovalgatarasanrocco.it\/a\/?page_id=204"},"modified":"2014-01-27T09:24:18","modified_gmt":"2014-01-27T09:24:18","slug":"valgatara","status":"publish","type":"page","link":"https:\/\/www.maranovalgatarasanrocco.it\/a\/?page_id=204","title":{"rendered":"Valgatara"},"content":{"rendered":"<p style=\"text-align: justify;\"><span style=\"font-family: AGaramond-Regular;\"><a href=\"http:\/\/www.maranovalgatarasanrocco.it\/a\/wp-content\/uploads\/2013\/10\/valgatara010.jpg\" data-lbwps-width=\"509\" data-lbwps-height=\"343\" data-lbwps-srcsmall=\"https:\/\/www.maranovalgatarasanrocco.it\/a\/wp-content\/uploads\/2013\/10\/valgatara010.jpg\"><img loading=\"lazy\" decoding=\"async\" class=\" wp-image-688 alignleft\" alt=\"valgatara010\" src=\"http:\/\/www.maranovalgatarasanrocco.it\/a\/wp-content\/uploads\/2013\/10\/valgatara010.jpg\" width=\"305\" height=\"206\" srcset=\"https:\/\/www.maranovalgatarasanrocco.it\/a\/wp-content\/uploads\/2013\/10\/valgatara010.jpg 509w, https:\/\/www.maranovalgatarasanrocco.it\/a\/wp-content\/uploads\/2013\/10\/valgatara010-300x202.jpg 300w, https:\/\/www.maranovalgatarasanrocco.it\/a\/wp-content\/uploads\/2013\/10\/valgatara010-445x300.jpg 445w\" sizes=\"auto, (max-width: 305px) 100vw, 305px\" \/><\/a>Lungo e travagliato \u00e8 il processo che porta al distacco della parrocchia di Valgatara dalla pieve di San Floriano. Mentre la chiesa di Marano e altre sono autonome gi\u00e0 nel Quattrocento, Valgatara dovr\u00e0 formalmente attendere\u00a0<\/span><span style=\"font-family: AGaramondExp-Regular;\">fi<\/span><span style=\"font-family: AGaramond-Regular;\">no al\u00a0<\/span><span style=\"font-family: AGaramondExp-Regular;\">1797\u00a0<\/span><span style=\"font-family: AGaramond-Regular;\">(F<\/span><span style=\"font-family: AGaramondExp-Regular;\">ERRARI 1983, 38-39<\/span><span style=\"font-family: AGaramond-Regular;\">).<br \/>\nSu una lenta presa di coscienza dei bisogni religiosi potrebbe avere in<\/span><span style=\"font-family: AGaramondExp-Regular;\">fl<\/span><span style=\"font-family: AGaramond-Regular;\">uito il fatto che Valgatara rest\u00f2 sempre un\u2019aggregazione di vari nuclei minori e solo dopo la ripresa demogra<\/span><span style=\"font-family: AGaramondExp-Regular;\">fi<\/span><span style=\"font-family: AGaramond-Regular;\">ca del Quattrocento appare nelle fonti una comunit\u00e0 pi\u00f9 compatta e consapevole, che sente con crescente urgenza il bisogno di un cappellano residente. Comunque sia, fatto sta che\u00a0<\/span><span style=\"font-family: AGaramondExp-Regular;\">fi<\/span><span style=\"font-family: AGaramond-Regular;\">no a tutto il\u00a0<\/span><span style=\"font-family: AGaramondExp-Regular;\">XV\u00a0<\/span><span style=\"font-family: AGaramond-Regular;\">secolo a Valgatara celebrava periodicamente il clero di San Floriano, di solito nella chiesetta di Santo Stefano (ora San Marco), in localit\u00e0 Pozzo, raramente in quella dei Santi Fermo e Rustico. Anche questa bipolarit\u00e0 dei luoghi di culto \u00e8 stata, forse, inizialmente elemento di \u2018disturbo\u2019 per la creazione di una parrocchia: gli stessi fedeli nei testamenti (<\/span><span style=\"font-family: AGaramondExp-Regular;\">1408-1450<\/span><span style=\"font-family: AGaramond-Regular;\">) non mostrano nette preferenze per il cimitero dell\u2019una o dell\u2019altra, anzi, qualcuno sceglie ancora di essere sepolto presso la pieve pi\u00f9 \u2018prestigiosa\u2019 (V<\/span><span style=\"font-family: AGaramondExp-Regular;\">ARANINI 1985, 255<\/span><span style=\"font-family: AGaramond-Regular;\">).<br \/>\nAi primi del Cinquecento, in ogni modo, i tempi divennero maturi. Era nata una controversia tra i chierici della pieve e la comunit\u00e0 di Valgatara riguardo al pagamento della decima sui\u00a0<\/span><span style=\"font-family: AGaramond-Italic;\"><i>novalia\u00a0<\/i><\/span><span style=\"font-family: AGaramond-Regular;\">(territori messi a coltura per la prima volta), poich\u00e9 gli abitanti ri<\/span><span style=\"font-family: AGaramondExp-Regular;\">fi<\/span><span style=\"font-family: AGaramond-Regular;\">utavano di versarla, anzi si lamentavano per la distanza dalla pieve e per l\u2019assenza di un cappellano. La contesa, per la quale gli uomini di Valgatara ingaggiarono addirittura un giurista cittadino, Nicola Guantieri, venne risolta con un compromesso: i fedeli si impegnavano in perpetuo a pagare la decima sui\u00a0<\/span><span style=\"font-family: AGaramond-Italic;\"><i>novalia\u00a0<\/i><\/span><span style=\"font-family: AGaramond-Regular;\">e in cambio ottenevano un sacerdote residente, salariato in parte dalla pieve, in parte dalla comunit\u00e0, come accadeva spesso. Gli impegni presi in questa\u00a0<\/span><span style=\"font-family: AGaramond-Italic;\"><i>transatio\u00a0<\/i><\/span><span style=\"font-family: AGaramond-Regular;\">(<\/span><span style=\"font-family: AGaramondExp-Regular;\">22\u00a0<\/span><span style=\"font-family: AGaramond-Regular;\">aprile\u00a0<\/span><span style=\"font-family: AGaramondExp-Regular;\">1506<\/span><span style=\"font-family: AGaramond-Regular;\">) si precisarono nel successivo documento di nomina del primo cappellano, Benedetto da Mantova, eletto dalla vicin\u00eca di Valgatara con il consenso dell\u2019arciprete di San Floriano. Egli avrebbe dovuto celebrare la messa nella chiesa dei Santi Fermo e Rustico i giorni festivi e in quella di Santo Stefano due giorni al mese non festivi; avrebbe poi esercitato la cura d\u2019anime in tutto, eccetto nella sepoltura dei morti (<span style=\"font-family: AGaramond-Italic;\"><i>Ivi,\u00a0<\/i><\/span><span style=\"font-family: AGaramondExp-Regular;\">57-60<\/span>). Rimanevano maggiori obblighi, rispetto alla situazione di Marano, perch\u00e9 erano riservate alla pieve le celebrazioni nelle festivit\u00e0 maggiori, ma soprattutto non era stato concesso il fonte battesimale: u<\/span><span style=\"font-family: AGaramondExp-Regular;\">ffi<\/span><span style=\"font-family: AGaramond-Regular;\">cialmente la chiesa di Valgatara risultava\u00a0<span style=\"font-family: AGaramond-Italic;\"><i>sine cura<\/i><\/span>, condizione in cui rimase, come si \u00e8 detto, sino a\u00a0<span style=\"font-family: AGaramondExp-Regular;\">fi<\/span>ne Settecento.<\/span><\/p>\n<p align=\"justify\"><span style=\"font-family: AGaramond-Regular;\">Le piccole e continue conquiste degli abitanti fecero s\u00ec che, verso met\u00e0 Settecento, la chiesa dei Santi Fermo e Rustico fosse di fatto considerata parrocchiale. Venne usato questo termine (ma gi\u00e0 una volta era \u2018sfuggito\u2019 al Giberti: vedi F<\/span><span style=\"font-family: AGaramondExp-Regular;\">ASANI 1989<\/span><span style=\"font-family: AGaramond-Regular;\">, I,\u00a0<\/span><span style=\"font-family: AGaramondExp-Regular;\">437<\/span><span style=\"font-family: AGaramond-Regular;\">) negli atti della visita e<\/span><span style=\"font-family: AGaramondExp-Regular;\">ff<\/span><span style=\"font-family: AGaramond-Regular;\">ettuata nel\u00a0<\/span><span style=\"font-family: AGaramondExp-Regular;\">1738\u00a0<\/span><span style=\"font-family: AGaramond-Regular;\">dal vescovo Giovanni Bragadino, al quale fu rivolta l\u2019ennesima, vana istanza di separazione.<br \/>\nQualche anno pi\u00f9 tardi (<\/span><span style=\"font-family: AGaramondExp-Regular;\">1757<\/span><span style=\"font-family: AGaramond-Regular;\">), i fedeli presero un\u2019iniziativa assai originale, e sintomatica: in aperta s<\/span><span style=\"font-family: AGaramondExp-Regular;\">fi<\/span><span style=\"font-family: AGaramond-Regular;\">da all\u2019arciprete e d\u2019accordo con il rettore, i fedeli misero la serratura al tabernacolo, per conservarvi in modo continuativo l\u2019Eucaristia, senza consegnargli la chiave. Il fatto produsse una serie di appelli e sentenze del vescovo e del podest\u00e0 di Verona, interpretate da ognuna delle parti in causa a proprio vantaggio, dal momento che da un lato era riconosciuta l\u2019autonomia di fatto di Valgatara, dall\u2019altro veniva condannato quel gesto provocatorio. L\u2019emancipazione u<\/span><span style=\"font-family: AGaramondExp-Regular;\">ffi<\/span><span style=\"font-family: AGaramond-Regular;\">ciale non era molto lontana: sarebbe avvenuta con decreto del vescovo Andrea Avogadro il\u00a0<span style=\"font-family: AGaramondExp-Regular;\">24\u00a0<\/span>dicembre\u00a0<span style=\"font-family: AGaramondExp-Regular;\">1797\u00a0<\/span>(F<span style=\"font-family: AGaramondExp-Regular;\">ERRARI 1983, 37-38<\/span>).<\/span><\/p>\n<p align=\"right\">(tratto dal libro edito dal comune, Marano Valpolicella, 1999)<\/p>\n","protected":false},"excerpt":{"rendered":"<p>Lungo e travagliato \u00e8 il processo che porta al distacco della parrocchia di Valgatara dalla pieve di San Floriano. Mentre la chiesa di Marano e altre sono autonome gi\u00e0 nel Quattrocento, Valgatara dovr\u00e0 formalmente attendere\u00a0fino al\u00a01797\u00a0(FERRARI 1983, 38-39). Su una lenta presa di coscienza dei bisogni religiosi potrebbe avere influito il fatto che Valgatara rest\u00f2 &hellip; <\/p>\n<p><a class=\"more-link btn\" href=\"https:\/\/www.maranovalgatarasanrocco.it\/a\/?page_id=204\">Continua a leggere<\/a><\/p>\n","protected":false},"author":1,"featured_media":0,"parent":200,"menu_order":2,"comment_status":"open","ping_status":"open","template":"","meta":{"footnotes":""},"class_list":["post-204","page","type-page","status-publish","hentry","nodate","item-wrap"],"_links":{"self":[{"href":"https:\/\/www.maranovalgatarasanrocco.it\/a\/index.php?rest_route=\/wp\/v2\/pages\/204","targetHints":{"allow":["GET"]}}],"collection":[{"href":"https:\/\/www.maranovalgatarasanrocco.it\/a\/index.php?rest_route=\/wp\/v2\/pages"}],"about":[{"href":"https:\/\/www.maranovalgatarasanrocco.it\/a\/index.php?rest_route=\/wp\/v2\/types\/page"}],"author":[{"embeddable":true,"href":"https:\/\/www.maranovalgatarasanrocco.it\/a\/index.php?rest_route=\/wp\/v2\/users\/1"}],"replies":[{"embeddable":true,"href":"https:\/\/www.maranovalgatarasanrocco.it\/a\/index.php?rest_route=%2Fwp%2Fv2%2Fcomments&post=204"}],"version-history":[{"count":4,"href":"https:\/\/www.maranovalgatarasanrocco.it\/a\/index.php?rest_route=\/wp\/v2\/pages\/204\/revisions"}],"predecessor-version":[{"id":690,"href":"https:\/\/www.maranovalgatarasanrocco.it\/a\/index.php?rest_route=\/wp\/v2\/pages\/204\/revisions\/690"}],"up":[{"embeddable":true,"href":"https:\/\/www.maranovalgatarasanrocco.it\/a\/index.php?rest_route=\/wp\/v2\/pages\/200"}],"wp:attachment":[{"href":"https:\/\/www.maranovalgatarasanrocco.it\/a\/index.php?rest_route=%2Fwp%2Fv2%2Fmedia&parent=204"}],"curies":[{"name":"wp","href":"https:\/\/api.w.org\/{rel}","templated":true}]}}

<p style="text-align: justify;"><span style="font-family: AGaramond-Regular;"><a href="http://www.maranovalgatarasanrocco.it/a/wp-content/uploads/2013/10/valgatara010.jpg" data-lbwps-width="509" data-lbwps-height="343" data-lbwps-srcsmall="https://www.maranovalgatarasanrocco.it/a/wp-content/uploads/2013/10/valgatara010.jpg"><img loading="lazy" decoding="async" class=" wp-image-688 alignleft" alt="valgatara010" src="http://www.maranovalgatarasanrocco.it/a/wp-content/uploads/2013/10/valgatara010.jpg" width="305" height="206" srcset="https://www.maranovalgatarasanrocco.it/a/wp-content/uploads/2013/10/valgatara010.jpg 509w, https://www.maranovalgatarasanrocco.it/a/wp-content/uploads/2013/10/valgatara010-300x202.jpg 300w, https://www.maranovalgatarasanrocco.it/a/wp-content/uploads/2013/10/valgatara010-445x300.jpg 445w" sizes="auto, (max-width: 305px) 100vw, 305px" /></a>Lungo e travagliato è il processo che porta al distacco della parrocchia di Valgatara dalla pieve di San Floriano. Mentre la chiesa di Marano e altre sono autonome già nel Quattrocento, Valgatara dovrà formalmente attendere </span><span style="font-family: AGaramondExp-Regular;">fi</span><span style="font-family: AGaramond-Regular;">no al </span><span style="font-family: AGaramondExp-Regular;">1797 </span><span style="font-family: AGaramond-Regular;">(F</span><span style="font-family: AGaramondExp-Regular;">ERRARI 1983, 38-39</span><span style="font-family: AGaramond-Regular;">).<br />
Su una lenta presa di coscienza dei bisogni religiosi potrebbe avere in</span><span style="font-family: AGaramondExp-Regular;">fl</span><span style="font-family: AGaramond-Regular;">uito il fatto che Valgatara restò sempre un’aggregazione di vari nuclei minori e solo dopo la ripresa demogra</span><span style="font-family: AGaramondExp-Regular;">fi</span><span style="font-family: AGaramond-Regular;">ca del Quattrocento appare nelle fonti una comunità più compatta e consapevole, che sente con crescente urgenza il bisogno di un cappellano residente. Comunque sia, fatto sta che </span><span style="font-family: AGaramondExp-Regular;">fi</span><span style="font-family: AGaramond-Regular;">no a tutto il </span><span style="font-family: AGaramondExp-Regular;">XV </span><span style="font-family: AGaramond-Regular;">secolo a Valgatara celebrava periodicamente il clero di San Floriano, di solito nella chiesetta di Santo Stefano (ora San Marco), in località Pozzo, raramente in quella dei Santi Fermo e Rustico. Anche questa bipolarità dei luoghi di culto è stata, forse, inizialmente elemento di ‘disturbo’ per la creazione di una parrocchia: gli stessi fedeli nei testamenti (</span><span style="font-family: AGaramondExp-Regular;">1408-1450</span><span style="font-family: AGaramond-Regular;">) non mostrano nette preferenze per il cimitero dell’una o dell’altra, anzi, qualcuno sceglie ancora di essere sepolto presso la pieve più ‘prestigiosa’ (V</span><span style="font-family: AGaramondExp-Regular;">ARANINI 1985, 255</span><span style="font-family: AGaramond-Regular;">).<br />
Ai primi del Cinquecento, in ogni modo, i tempi divennero maturi. Era nata una controversia tra i chierici della pieve e la comunità di Valgatara riguardo al pagamento della decima sui </span><span style="font-family: AGaramond-Italic;"><i>novalia </i></span><span style="font-family: AGaramond-Regular;">(territori messi a coltura per la prima volta), poiché gli abitanti ri</span><span style="font-family: AGaramondExp-Regular;">fi</span><span style="font-family: AGaramond-Regular;">utavano di versarla, anzi si lamentavano per la distanza dalla pieve e per l’assenza di un cappellano. La contesa, per la quale gli uomini di Valgatara ingaggiarono addirittura un giurista cittadino, Nicola Guantieri, venne risolta con un compromesso: i fedeli si impegnavano in perpetuo a pagare la decima sui </span><span style="font-family: AGaramond-Italic;"><i>novalia </i></span><span style="font-family: AGaramond-Regular;">e in cambio ottenevano un sacerdote residente, salariato in parte dalla pieve, in parte dalla comunità, come accadeva spesso. Gli impegni presi in questa </span><span style="font-family: AGaramond-Italic;"><i>transatio </i></span><span style="font-family: AGaramond-Regular;">(</span><span style="font-family: AGaramondExp-Regular;">22 </span><span style="font-family: AGaramond-Regular;">aprile </span><span style="font-family: AGaramondExp-Regular;">1506</span><span style="font-family: AGaramond-Regular;">) si precisarono nel successivo documento di nomina del primo cappellano, Benedetto da Mantova, eletto dalla vicinìa di Valgatara con il consenso dell’arciprete di San Floriano. Egli avrebbe dovuto celebrare la messa nella chiesa dei Santi Fermo e Rustico i giorni festivi e in quella di Santo Stefano due giorni al mese non festivi; avrebbe poi esercitato la cura d’anime in tutto, eccetto nella sepoltura dei morti (<span style="font-family: AGaramond-Italic;"><i>Ivi, </i></span><span style="font-family: AGaramondExp-Regular;">57-60</span>). Rimanevano maggiori obblighi, rispetto alla situazione di Marano, perché erano riservate alla pieve le celebrazioni nelle festività maggiori, ma soprattutto non era stato concesso il fonte battesimale: u</span><span style="font-family: AGaramondExp-Regular;">ffi</span><span style="font-family: AGaramond-Regular;">cialmente la chiesa di Valgatara risultava <span style="font-family: AGaramond-Italic;"><i>sine cura</i></span>, condizione in cui rimase, come si è detto, sino a <span style="font-family: AGaramondExp-Regular;">fi</span>ne Settecento.</span></p>
<p align="justify"><span style="font-family: AGaramond-Regular;">Le piccole e continue conquiste degli abitanti fecero sì che, verso metà Settecento, la chiesa dei Santi Fermo e Rustico fosse di fatto considerata parrocchiale. Venne usato questo termine (ma già una volta era ‘sfuggito’ al Giberti: vedi F</span><span style="font-family: AGaramondExp-Regular;">ASANI 1989</span><span style="font-family: AGaramond-Regular;">, I, </span><span style="font-family: AGaramondExp-Regular;">437</span><span style="font-family: AGaramond-Regular;">) negli atti della visita e</span><span style="font-family: AGaramondExp-Regular;">ff</span><span style="font-family: AGaramond-Regular;">ettuata nel </span><span style="font-family: AGaramondExp-Regular;">1738 </span><span style="font-family: AGaramond-Regular;">dal vescovo Giovanni Bragadino, al quale fu rivolta l’ennesima, vana istanza di separazione.<br />
Qualche anno più tardi (</span><span style="font-family: AGaramondExp-Regular;">1757</span><span style="font-family: AGaramond-Regular;">), i fedeli presero un’iniziativa assai originale, e sintomatica: in aperta s</span><span style="font-family: AGaramondExp-Regular;">fi</span><span style="font-family: AGaramond-Regular;">da all’arciprete e d’accordo con il rettore, i fedeli misero la serratura al tabernacolo, per conservarvi in modo continuativo l’Eucaristia, senza consegnargli la chiave. Il fatto produsse una serie di appelli e sentenze del vescovo e del podestà di Verona, interpretate da ognuna delle parti in causa a proprio vantaggio, dal momento che da un lato era riconosciuta l’autonomia di fatto di Valgatara, dall’altro veniva condannato quel gesto provocatorio. L’emancipazione u</span><span style="font-family: AGaramondExp-Regular;">ffi</span><span style="font-family: AGaramond-Regular;">ciale non era molto lontana: sarebbe avvenuta con decreto del vescovo Andrea Avogadro il <span style="font-family: AGaramondExp-Regular;">24 </span>dicembre <span style="font-family: AGaramondExp-Regular;">1797 </span>(F<span style="font-family: AGaramondExp-Regular;">ERRARI 1983, 37-38</span>).</span></p>
<p align="right">(tratto dal libro edito dal comune, Marano Valpolicella, 1999)</p>

<p>Lungo e travagliato è il processo che porta al distacco della parrocchia di Valgatara dalla pieve di San Floriano. Mentre la chiesa di Marano e altre sono autonome già nel Quattrocento, Valgatara dovrà formalmente attendere fino al 1797 (FERRARI 1983, 38-39). Su una lenta presa di coscienza dei bisogni religiosi potrebbe avere influito il fatto che Valgatara restò &hellip; </p>
<p><a class="more-link btn" href="https://www.maranovalgatarasanrocco.it/a/?page_id=204">Continua a leggere</a></p>
