{"id":37,"date":"2013-10-31T20:57:08","date_gmt":"2013-10-31T20:57:08","guid":{"rendered":"http:\/\/www.maranovalgatarasanrocco.it\/a\/?page_id=37"},"modified":"2021-05-27T20:12:13","modified_gmt":"2021-05-27T20:12:13","slug":"parroco","status":"publish","type":"page","link":"https:\/\/www.maranovalgatarasanrocco.it\/a\/?page_id=37","title":{"rendered":"Parroco: don Giorgio Comerlati"},"content":{"rendered":"<p>Don Giorgio Comerlati \u00e8 nato a Verona il 10 gennaio 1955; \u00e8 vissuto tanti anni in centro a Verona coi genitori, prima nella parrocchia di San Paolo in Corte Marzio e poi in quella dei Santi Nazaro e Celso. La sua \u00e8 una vocazione adulta: pur avendola dentro fin dall\u2019infanzia, l\u2019ha perseguita solo pi\u00f9 tardi rispetto ai percorsi ordinari. Si diplom\u00f2 perito aziendale e lavor\u00f2 per anni. A 38 anni, il 29 maggio 1993, fu ordinato prete dall\u2019allora vescovo di Verona, Attilio Nicora. Per 6 anni \u00e8 stato vicario parrocchiale alla Basilica di San Zeno Maggiore, in citt\u00e0. Nel 1999 al 2009 \u00e8 parroco di Cellore; quindi a Cherubine. M.F.<\/p>\n","protected":false},"excerpt":{"rendered":"<p>Don Giorgio Comerlati \u00e8 nato a Verona il 10 gennaio 1955; \u00e8 vissuto tanti anni in centro a Verona coi genitori, prima nella parrocchia di San Paolo in Corte Marzio e poi in quella dei Santi Nazaro e Celso. La sua \u00e8 una vocazione adulta: pur avendola dentro fin dall\u2019infanzia, l\u2019ha perseguita solo pi\u00f9 tardi &hellip; <\/p>\n<p><a class=\"more-link btn\" href=\"https:\/\/www.maranovalgatarasanrocco.it\/a\/?page_id=37\">Continua a leggere<\/a><\/p>\n","protected":false},"author":1,"featured_media":0,"parent":22,"menu_order":1,"comment_status":"open","ping_status":"open","template":"","meta":{"footnotes":""},"class_list":["post-37","page","type-page","status-publish","hentry","nodate","item-wrap"],"_links":{"self":[{"href":"https:\/\/www.maranovalgatarasanrocco.it\/a\/index.php?rest_route=\/wp\/v2\/pages\/37","targetHints":{"allow":["GET"]}}],"collection":[{"href":"https:\/\/www.maranovalgatarasanrocco.it\/a\/index.php?rest_route=\/wp\/v2\/pages"}],"about":[{"href":"https:\/\/www.maranovalgatarasanrocco.it\/a\/index.php?rest_route=\/wp\/v2\/types\/page"}],"author":[{"embeddable":true,"href":"https:\/\/www.maranovalgatarasanrocco.it\/a\/index.php?rest_route=\/wp\/v2\/users\/1"}],"replies":[{"embeddable":true,"href":"https:\/\/www.maranovalgatarasanrocco.it\/a\/index.php?rest_route=%2Fwp%2Fv2%2Fcomments&post=37"}],"version-history":[{"count":5,"href":"https:\/\/www.maranovalgatarasanrocco.it\/a\/index.php?rest_route=\/wp\/v2\/pages\/37\/revisions"}],"predecessor-version":[{"id":2863,"href":"https:\/\/www.maranovalgatarasanrocco.it\/a\/index.php?rest_route=\/wp\/v2\/pages\/37\/revisions\/2863"}],"up":[{"embeddable":true,"href":"https:\/\/www.maranovalgatarasanrocco.it\/a\/index.php?rest_route=\/wp\/v2\/pages\/22"}],"wp:attachment":[{"href":"https:\/\/www.maranovalgatarasanrocco.it\/a\/index.php?rest_route=%2Fwp%2Fv2%2Fmedia&parent=37"}],"curies":[{"name":"wp","href":"https:\/\/api.w.org\/{rel}","templated":true}]}}

<p>Don Giorgio Comerlati è nato a Verona il 10 gennaio 1955; è vissuto tanti anni in centro a Verona coi genitori, prima nella parrocchia di San Paolo in Corte Marzio e poi in quella dei Santi Nazaro e Celso. La sua è una vocazione adulta: pur avendola dentro fin dall’infanzia, l’ha perseguita solo più tardi rispetto ai percorsi ordinari. Si diplomò perito aziendale e lavorò per anni. A 38 anni, il 29 maggio 1993, fu ordinato prete dall’allora vescovo di Verona, Attilio Nicora. Per 6 anni è stato vicario parrocchiale alla Basilica di San Zeno Maggiore, in città. Nel 1999 al 2009 è parroco di Cellore; quindi a Cherubine. M.F.</p>

<p>Don Giorgio Comerlati è nato a Verona il 10 gennaio 1955; è vissuto tanti anni in centro a Verona coi genitori, prima nella parrocchia di San Paolo in Corte Marzio e poi in quella dei Santi Nazaro e Celso. La sua è una vocazione adulta: pur avendola dentro fin dall’infanzia, l’ha perseguita solo più tardi &hellip; </p>
<p><a class="more-link btn" href="https://www.maranovalgatarasanrocco.it/a/?page_id=37">Continua a leggere</a></p>
