{"id":3760,"date":"2024-12-17T13:08:27","date_gmt":"2024-12-17T13:08:27","guid":{"rendered":"https:\/\/www.maranovalgatarasanrocco.it\/a\/?page_id=3760"},"modified":"2025-01-12T10:24:06","modified_gmt":"2025-01-12T10:24:06","slug":"tuo-vanto-sara","status":"publish","type":"page","link":"https:\/\/www.maranovalgatarasanrocco.it\/a\/?page_id=3760","title":{"rendered":"Il libro: Tuo Vanto Sar\u00e0"},"content":{"rendered":"\n<p>Volume pubblicato in occasione del centenario (1924-2024) della costruzione della chiesa parrocchiale di Marano di Valpolicella, a cura di Francesco Coati.&nbsp;<\/p>\n\n\n\n<p>Introduzione&nbsp; dell&#8217;autore Francesco Coati.<br>Alcuni anni fa, assieme ad altri volontari della parrocchia, abbiamo condiviso il desiderio di creare delle<br>iniziative per celebrare il centenario della chiesa parrocchiale di Marano, che sembrava allora una tappa<br>molto lontana. Tra le tante idee ci fu quella di realizzare un piccolo volumetto sulla storia della chiesa,<br>con una descrizione dei suoi affreschi.<br><a href=\"https:\/\/www.maranovalgatarasanrocco.it\/a\/wp-content\/uploads\/2024\/12\/464087458_122118029480511591_4286973599641957299_n.jpg\" data-lbwps-width=\"1056\" data-lbwps-height=\"1320\" data-lbwps-srcsmall=\"https:\/\/www.maranovalgatarasanrocco.it\/a\/wp-content\/uploads\/2024\/12\/464087458_122118029480511591_4286973599641957299_n.jpg\"><img loading=\"lazy\" decoding=\"async\" class=\"wp-image-3765 alignleft\" src=\"https:\/\/www.maranovalgatarasanrocco.it\/a\/wp-content\/uploads\/2024\/12\/464087458_122118029480511591_4286973599641957299_n.jpg\" alt=\"\" width=\"275\" height=\"344\" srcset=\"https:\/\/www.maranovalgatarasanrocco.it\/a\/wp-content\/uploads\/2024\/12\/464087458_122118029480511591_4286973599641957299_n.jpg 1056w, https:\/\/www.maranovalgatarasanrocco.it\/a\/wp-content\/uploads\/2024\/12\/464087458_122118029480511591_4286973599641957299_n-240x300.jpg 240w, https:\/\/www.maranovalgatarasanrocco.it\/a\/wp-content\/uploads\/2024\/12\/464087458_122118029480511591_4286973599641957299_n-819x1024.jpg 819w, https:\/\/www.maranovalgatarasanrocco.it\/a\/wp-content\/uploads\/2024\/12\/464087458_122118029480511591_4286973599641957299_n-768x960.jpg 768w, https:\/\/www.maranovalgatarasanrocco.it\/a\/wp-content\/uploads\/2024\/12\/464087458_122118029480511591_4286973599641957299_n-750x938.jpg 750w\" sizes=\"auto, (max-width: 275px) 100vw, 275px\" \/><\/a>Iniziai cos\u00ec a raccogliere materiale documentario nei vari archivi disponibili, insieme a materiale librario, fotografico e a testimonianze di anziani di Marano, dei quali alcuni ci hanno lasciato prima della pubblicazione del testo. L\u2019intento era quello di offrire alla Comunit\u00e0 un testo che fornisse alcune note storiche sulla chiesa e una piccola guida agli affreschi; il tutto pensato per alimentare la coscienza e la conoscenza del proprio passato e del tempio maestoso che raccoglie la Comunit\u00e0 stessa nei momenti<br>pi\u00f9 cruciali della sua storia. La raccolta del materiale per\u00f2 ha dato un esito insperato: sono emersi moltissimi documenti mai fino ad oggi pubblicati, molte notizie, molte storie, direi quasi molte vite:<br>l\u2019appassionante ricerca mi ha portato a scoprire come dietro a tutte queste informazioni, dietro alla storia della costruzione della nostra chiesa, stanno decine, centinaia di vite, di persone, che hanno creduto in un ideale e per questo hanno dato il massimo. Ho chiesto quindi a chi ha sostenuto questo volume di avere pi\u00f9 spazio, perch\u00e9 tutto questo \u201cfiume umano\u201d che \u00e8 stata la Parrocchia di Marano (incluso San Rocco) in questi cento anni non vada perduto, ma rimanga fissato per sempre in un testo, che per me \u00e8 un onore aver steso.<br>Grazie alla collaborazione e all\u2019aiuto di molte persone ne \u00e8 uscito un importante volume che fissa la<br>storia della costruzione della nuova chiesa parrocchiale di Marano e la storia di tutti quegli uomini e<br>donne che in questi cento anni hanno vissuto questa Comunit\u00e0: dalla chiesa alla Chiesa.<br>Credo inoltre che i cambiamenti radicali che stiamo vivendo nell\u2019archiviazione dei materiali, l\u2019incredibile<br>sviluppo delle tecniche digitali, daranno sempre meno occasione di realizzare lavori come questo, per cui<br>mi \u00e8 sembrato che la ricorrenza del centenario dell\u2019inaugurazione della chiesa parrocchiale potesse essere<br>il momento ideale.<br>L\u2019ambizione di questo volume \u00e8 che chiunque si avvicini al complesso della chiesa di Marano oggi,<br>dall\u2019esterno o dall\u2019interno, trovi in queste pagine una risposta alle pi\u00f9 svariate domande che possano<br>nascere: da quelle storiche e artistiche a quelle architettoniche o di folclore. Tuttavia alla base vi \u00e8 una<br>scelta fondamentale: nel volume ha trovato spazio solo ci\u00f2 che proviene da una fonte certa, sia essa una<br>fonte documentaria, libraria, o una testimonianza verificata. Accanto alle vicende costruttive ha preso<br>forma un capitolo dedicato alla vita della Comunit\u00e0 in questi 100 anni, poich\u00e9 credo che ricostruire la<br>storia di un edificio non possa prescindere dalla storia di chi lo ha vissuto, di chi in esso ha trovato un<br>punto di riferimento, un luogo di incontro con l\u2019Eterno e con i fratelli.<br>Questo testo, infine, costituisce per me un saluto ad una Comunit\u00e0 che ho amato e servito per molti anni e che ora debbo lasciare, per motivi lavorativi, pur portandola nel cuore. La storia della costruzione<br>della chiesa parrocchiale di Marano di Valpolicella e la storia della parrocchia in questi 100 anni \u00e8<br>un\u2019ulteriore testimonianza che i cammini fatti assieme sono sempre i pi\u00f9 esaltanti e i pi\u00f9 fruttuosi:<br>come uomini e donne noi ci realizziamo e completiamo solo nella Comunit\u00e0, nel fare assieme, nel vivere<br>assieme, nel crescere assieme.<br>Anche questo libro non avrebbe mai potuto arrivare alla sua pubblicazione se non con l\u2019aiuto e il sostegno<br>di numerose persone che ora voglio ringraziare ad una ad una, con stima e riconoscenza, perch\u00e9 hanno<br>reso tangibile un obiettivo cos\u00ec alto.<\/p>\n\n\n\n<p>RINGRAZIAMENTI<br>Innanzi tutto ringrazio chi ha reso possibile la pubblicazione del volume: la Parrocchia di Marano<br>nella persona del suo pastore don Giorgio Comerlati; BCC Valpolicella Benaco, nella persona del suo<br>presidente Daniele Maroldi e Grafical srl, in occasione dei 40 anni dalla fondazione, nella persona di<br>uno dei soci fondatori, Andrea Lonardi. Grazie vivissime al nostro Vescovo Domenico Pompili, per le<br>parole che ha voluto offrirci ad introduzione del volume.<br>Debbo profonda gratitudine al prof. Giovanni Viviani, che mi ha sostenuto e guidato in questo percorso<br>e che \u00e8 stato revisore delle bozze: senza la sua assistenza non avrei mai potuto arrivare all\u2019obiettivo.<br>Assieme a lui \u00e8 stata per me una colonna Antonio Fenuta, il grafico che ha curato il volume, prodigo di<br>consigli e suggerimenti dettati dalla sua sensibilit\u00e0 umana e dalla sua esperienza di fede vissuta.<br>Tutta la parte fotografica \u00e8 stata realizzata da Alexandr Dal Cero, fotografo professionista, che per<br>l\u2019amicizia che ci lega ha voluto offrire alla Comunit\u00e0 di Marano i suoi scatti realizzati in quest\u2019anno<br>2024; assieme a lui ringrazio Mario Lonardi, che ci ha offerto la maggior parte delle foto che fanno da<br>cronaca alla storia della parrocchia e Paola Battaino, grafica, che ha trasformato in formato digitale<br>tutte le foto storiche dell\u2019archivio parrocchiale, cosa che le render\u00e0 accessibili da tutti in futuro.<br>Ringrazio Gigi Speri per le foto della costruzione della chiesa e Andrea Fedrighi per quelle del santuario<br>di Santa Maria in Valverde. Un sincero grazie alla prof.ssa Alessandra Zamperini, docente di storia<br>dell\u2019arte moderna presso l\u2019universit\u00e0 di Verona, per la consulenza sul quadro di san Luigi Gonzaga, che<br>giaceva nascosto da anni.<br>Grazie a tutto il personale dell\u2019archivio storico Diocesano, in particolare a Luigi Pizzini, per l\u2019accesso ai<br>progetti originali di don Trecca. Ringrazio Annalisa Lonardi, grafica, per i suoi preziosi pareri e per aver<br>offerto alla Comunit\u00e0 tutto il materiale pubblicitario delle iniziative del centenario.<br>Grazie a tutti coloro che hanno contribuito con propri scritti o con testimonianze, di volta in volta<br>segnalati nel percorso: l\u2019architetto Dario Venturini, il maestro Nicola Guerini, Franca Coati e ancora<br>Mario Lonardi, Chiara Travenzolo, le maestre Sara Ferrighi, Paola Zardini, Cristina Marchesini e<br>Maria Grazia Zardini. Esprimo profonda gratitudine a don Gabriele Avesani, a don Andrea Ronconi,<br>al parroco don Giorgio Comerlati e alle catechiste della parrocchia. Io credo che abbiamo cos\u00ec onorato i<br>nostri avi che hanno costruito questo maestoso tempio per la loro Comunit\u00e0 e abbiamo ancora una volta<br>dimostrato come il \u201cfare assieme\u201d porti sempre ottimi risultati.<\/p>\n\n\n\n<p>Nei Link a seguire alcuni paragrafi del Libro.<\/p>\n","protected":false},"excerpt":{"rendered":"<p>Volume pubblicato in occasione del centenario (1924-2024) della costruzione della chiesa parrocchiale di Marano di Valpolicella, a cura di Francesco Coati.&nbsp; Introduzione&nbsp; dell&#8217;autore Francesco Coati.Alcuni anni fa, assieme ad altri volontari della parrocchia, abbiamo condiviso il desiderio di creare delleiniziative per celebrare il centenario della chiesa parrocchiale di Marano, che sembrava allora una tappamolto lontana. &hellip; <\/p>\n<p><a class=\"more-link btn\" href=\"https:\/\/www.maranovalgatarasanrocco.it\/a\/?page_id=3760\">Continua a leggere<\/a><\/p>\n","protected":false},"author":1,"featured_media":0,"parent":3523,"menu_order":0,"comment_status":"closed","ping_status":"closed","template":"","meta":{"footnotes":""},"class_list":["post-3760","page","type-page","status-publish","hentry","nodate","item-wrap"],"_links":{"self":[{"href":"https:\/\/www.maranovalgatarasanrocco.it\/a\/index.php?rest_route=\/wp\/v2\/pages\/3760","targetHints":{"allow":["GET"]}}],"collection":[{"href":"https:\/\/www.maranovalgatarasanrocco.it\/a\/index.php?rest_route=\/wp\/v2\/pages"}],"about":[{"href":"https:\/\/www.maranovalgatarasanrocco.it\/a\/index.php?rest_route=\/wp\/v2\/types\/page"}],"author":[{"embeddable":true,"href":"https:\/\/www.maranovalgatarasanrocco.it\/a\/index.php?rest_route=\/wp\/v2\/users\/1"}],"replies":[{"embeddable":true,"href":"https:\/\/www.maranovalgatarasanrocco.it\/a\/index.php?rest_route=%2Fwp%2Fv2%2Fcomments&post=3760"}],"version-history":[{"count":7,"href":"https:\/\/www.maranovalgatarasanrocco.it\/a\/index.php?rest_route=\/wp\/v2\/pages\/3760\/revisions"}],"predecessor-version":[{"id":3823,"href":"https:\/\/www.maranovalgatarasanrocco.it\/a\/index.php?rest_route=\/wp\/v2\/pages\/3760\/revisions\/3823"}],"up":[{"embeddable":true,"href":"https:\/\/www.maranovalgatarasanrocco.it\/a\/index.php?rest_route=\/wp\/v2\/pages\/3523"}],"wp:attachment":[{"href":"https:\/\/www.maranovalgatarasanrocco.it\/a\/index.php?rest_route=%2Fwp%2Fv2%2Fmedia&parent=3760"}],"curies":[{"name":"wp","href":"https:\/\/api.w.org\/{rel}","templated":true}]}}

Il libro: Tuo Vanto Sarà

<p>Volume pubblicato in occasione del centenario (1924-2024) della costruzione della chiesa parrocchiale di Marano di Valpolicella, a cura di Francesco Coati.&nbsp;</p>



<p>Introduzione&nbsp; dell&#8217;autore Francesco Coati.<br>Alcuni anni fa, assieme ad altri volontari della parrocchia, abbiamo condiviso il desiderio di creare delle<br>iniziative per celebrare il centenario della chiesa parrocchiale di Marano, che sembrava allora una tappa<br>molto lontana. Tra le tante idee ci fu quella di realizzare un piccolo volumetto sulla storia della chiesa,<br>con una descrizione dei suoi affreschi.<br><a href="https://www.maranovalgatarasanrocco.it/a/wp-content/uploads/2024/12/464087458_122118029480511591_4286973599641957299_n.jpg" data-lbwps-width="1056" data-lbwps-height="1320" data-lbwps-srcsmall="https://www.maranovalgatarasanrocco.it/a/wp-content/uploads/2024/12/464087458_122118029480511591_4286973599641957299_n.jpg"><img loading="lazy" decoding="async" class="wp-image-3765 alignleft" src="https://www.maranovalgatarasanrocco.it/a/wp-content/uploads/2024/12/464087458_122118029480511591_4286973599641957299_n.jpg" alt="" width="275" height="344" srcset="https://www.maranovalgatarasanrocco.it/a/wp-content/uploads/2024/12/464087458_122118029480511591_4286973599641957299_n.jpg 1056w, https://www.maranovalgatarasanrocco.it/a/wp-content/uploads/2024/12/464087458_122118029480511591_4286973599641957299_n-240x300.jpg 240w, https://www.maranovalgatarasanrocco.it/a/wp-content/uploads/2024/12/464087458_122118029480511591_4286973599641957299_n-819x1024.jpg 819w, https://www.maranovalgatarasanrocco.it/a/wp-content/uploads/2024/12/464087458_122118029480511591_4286973599641957299_n-768x960.jpg 768w, https://www.maranovalgatarasanrocco.it/a/wp-content/uploads/2024/12/464087458_122118029480511591_4286973599641957299_n-750x938.jpg 750w" sizes="auto, (max-width: 275px) 100vw, 275px" /></a>Iniziai così a raccogliere materiale documentario nei vari archivi disponibili, insieme a materiale librario, fotografico e a testimonianze di anziani di Marano, dei quali alcuni ci hanno lasciato prima della pubblicazione del testo. L’intento era quello di offrire alla Comunità un testo che fornisse alcune note storiche sulla chiesa e una piccola guida agli affreschi; il tutto pensato per alimentare la coscienza e la conoscenza del proprio passato e del tempio maestoso che raccoglie la Comunità stessa nei momenti<br>più cruciali della sua storia. La raccolta del materiale però ha dato un esito insperato: sono emersi moltissimi documenti mai fino ad oggi pubblicati, molte notizie, molte storie, direi quasi molte vite:<br>l’appassionante ricerca mi ha portato a scoprire come dietro a tutte queste informazioni, dietro alla storia della costruzione della nostra chiesa, stanno decine, centinaia di vite, di persone, che hanno creduto in un ideale e per questo hanno dato il massimo. Ho chiesto quindi a chi ha sostenuto questo volume di avere più spazio, perché tutto questo “fiume umano” che è stata la Parrocchia di Marano (incluso San Rocco) in questi cento anni non vada perduto, ma rimanga fissato per sempre in un testo, che per me è un onore aver steso.<br>Grazie alla collaborazione e all’aiuto di molte persone ne è uscito un importante volume che fissa la<br>storia della costruzione della nuova chiesa parrocchiale di Marano e la storia di tutti quegli uomini e<br>donne che in questi cento anni hanno vissuto questa Comunità: dalla chiesa alla Chiesa.<br>Credo inoltre che i cambiamenti radicali che stiamo vivendo nell’archiviazione dei materiali, l’incredibile<br>sviluppo delle tecniche digitali, daranno sempre meno occasione di realizzare lavori come questo, per cui<br>mi è sembrato che la ricorrenza del centenario dell’inaugurazione della chiesa parrocchiale potesse essere<br>il momento ideale.<br>L’ambizione di questo volume è che chiunque si avvicini al complesso della chiesa di Marano oggi,<br>dall’esterno o dall’interno, trovi in queste pagine una risposta alle più svariate domande che possano<br>nascere: da quelle storiche e artistiche a quelle architettoniche o di folclore. Tuttavia alla base vi è una<br>scelta fondamentale: nel volume ha trovato spazio solo ciò che proviene da una fonte certa, sia essa una<br>fonte documentaria, libraria, o una testimonianza verificata. Accanto alle vicende costruttive ha preso<br>forma un capitolo dedicato alla vita della Comunità in questi 100 anni, poiché credo che ricostruire la<br>storia di un edificio non possa prescindere dalla storia di chi lo ha vissuto, di chi in esso ha trovato un<br>punto di riferimento, un luogo di incontro con l’Eterno e con i fratelli.<br>Questo testo, infine, costituisce per me un saluto ad una Comunità che ho amato e servito per molti anni e che ora debbo lasciare, per motivi lavorativi, pur portandola nel cuore. La storia della costruzione<br>della chiesa parrocchiale di Marano di Valpolicella e la storia della parrocchia in questi 100 anni è<br>un’ulteriore testimonianza che i cammini fatti assieme sono sempre i più esaltanti e i più fruttuosi:<br>come uomini e donne noi ci realizziamo e completiamo solo nella Comunità, nel fare assieme, nel vivere<br>assieme, nel crescere assieme.<br>Anche questo libro non avrebbe mai potuto arrivare alla sua pubblicazione se non con l’aiuto e il sostegno<br>di numerose persone che ora voglio ringraziare ad una ad una, con stima e riconoscenza, perché hanno<br>reso tangibile un obiettivo così alto.</p>



<p>RINGRAZIAMENTI<br>Innanzi tutto ringrazio chi ha reso possibile la pubblicazione del volume: la Parrocchia di Marano<br>nella persona del suo pastore don Giorgio Comerlati; BCC Valpolicella Benaco, nella persona del suo<br>presidente Daniele Maroldi e Grafical srl, in occasione dei 40 anni dalla fondazione, nella persona di<br>uno dei soci fondatori, Andrea Lonardi. Grazie vivissime al nostro Vescovo Domenico Pompili, per le<br>parole che ha voluto offrirci ad introduzione del volume.<br>Debbo profonda gratitudine al prof. Giovanni Viviani, che mi ha sostenuto e guidato in questo percorso<br>e che è stato revisore delle bozze: senza la sua assistenza non avrei mai potuto arrivare all’obiettivo.<br>Assieme a lui è stata per me una colonna Antonio Fenuta, il grafico che ha curato il volume, prodigo di<br>consigli e suggerimenti dettati dalla sua sensibilità umana e dalla sua esperienza di fede vissuta.<br>Tutta la parte fotografica è stata realizzata da Alexandr Dal Cero, fotografo professionista, che per<br>l’amicizia che ci lega ha voluto offrire alla Comunità di Marano i suoi scatti realizzati in quest’anno<br>2024; assieme a lui ringrazio Mario Lonardi, che ci ha offerto la maggior parte delle foto che fanno da<br>cronaca alla storia della parrocchia e Paola Battaino, grafica, che ha trasformato in formato digitale<br>tutte le foto storiche dell’archivio parrocchiale, cosa che le renderà accessibili da tutti in futuro.<br>Ringrazio Gigi Speri per le foto della costruzione della chiesa e Andrea Fedrighi per quelle del santuario<br>di Santa Maria in Valverde. Un sincero grazie alla prof.ssa Alessandra Zamperini, docente di storia<br>dell’arte moderna presso l’università di Verona, per la consulenza sul quadro di san Luigi Gonzaga, che<br>giaceva nascosto da anni.<br>Grazie a tutto il personale dell’archivio storico Diocesano, in particolare a Luigi Pizzini, per l’accesso ai<br>progetti originali di don Trecca. Ringrazio Annalisa Lonardi, grafica, per i suoi preziosi pareri e per aver<br>offerto alla Comunità tutto il materiale pubblicitario delle iniziative del centenario.<br>Grazie a tutti coloro che hanno contribuito con propri scritti o con testimonianze, di volta in volta<br>segnalati nel percorso: l’architetto Dario Venturini, il maestro Nicola Guerini, Franca Coati e ancora<br>Mario Lonardi, Chiara Travenzolo, le maestre Sara Ferrighi, Paola Zardini, Cristina Marchesini e<br>Maria Grazia Zardini. Esprimo profonda gratitudine a don Gabriele Avesani, a don Andrea Ronconi,<br>al parroco don Giorgio Comerlati e alle catechiste della parrocchia. Io credo che abbiamo così onorato i<br>nostri avi che hanno costruito questo maestoso tempio per la loro Comunità e abbiamo ancora una volta<br>dimostrato come il “fare assieme” porti sempre ottimi risultati.</p>



<p>Nei Link a seguire alcuni paragrafi del Libro.</p>
