{"id":3865,"date":"2025-03-26T16:45:05","date_gmt":"2025-03-26T16:45:05","guid":{"rendered":"https:\/\/www.maranovalgatarasanrocco.it\/a\/?page_id=3865"},"modified":"2025-03-26T17:13:51","modified_gmt":"2025-03-26T17:13:51","slug":"ultimo-saluto-a-don-luigi-accordini","status":"publish","type":"page","link":"https:\/\/www.maranovalgatarasanrocco.it\/a\/?page_id=3865","title":{"rendered":"Ultimo saluto a don Luigi Accordini"},"content":{"rendered":"\n<p class=\"\" data-start=\"0\" data-end=\"17\"><a href=\"https:\/\/www.maranovalgatarasanrocco.it\/a\/wp-content\/uploads\/2025\/03\/1-_DSC0759.jpg\" data-lbwps-width=\"2369\" data-lbwps-height=\"1567\" data-lbwps-srcsmall=\"https:\/\/www.maranovalgatarasanrocco.it\/a\/wp-content\/uploads\/2025\/03\/1-_DSC0759-750x496.jpg\"><img loading=\"lazy\" decoding=\"async\" class=\"alignnone size-full wp-image-3867\" src=\"https:\/\/www.maranovalgatarasanrocco.it\/a\/wp-content\/uploads\/2025\/03\/1-_DSC0759.jpg\" alt=\"\" width=\"2369\" height=\"1567\" srcset=\"https:\/\/www.maranovalgatarasanrocco.it\/a\/wp-content\/uploads\/2025\/03\/1-_DSC0759.jpg 2369w, https:\/\/www.maranovalgatarasanrocco.it\/a\/wp-content\/uploads\/2025\/03\/1-_DSC0759-300x198.jpg 300w, https:\/\/www.maranovalgatarasanrocco.it\/a\/wp-content\/uploads\/2025\/03\/1-_DSC0759-1024x677.jpg 1024w, https:\/\/www.maranovalgatarasanrocco.it\/a\/wp-content\/uploads\/2025\/03\/1-_DSC0759-768x508.jpg 768w, https:\/\/www.maranovalgatarasanrocco.it\/a\/wp-content\/uploads\/2025\/03\/1-_DSC0759-1536x1016.jpg 1536w, https:\/\/www.maranovalgatarasanrocco.it\/a\/wp-content\/uploads\/2025\/03\/1-_DSC0759-2048x1355.jpg 2048w, https:\/\/www.maranovalgatarasanrocco.it\/a\/wp-content\/uploads\/2025\/03\/1-_DSC0759-750x496.jpg 750w\" sizes=\"auto, (max-width: 2369px) 100vw, 2369px\" \/><\/a>Caro don Luigi,<\/p>\n<p class=\"\" data-start=\"19\" data-end=\"283\">oggi siamo in tanti accanto a te ed ognuno di noi vuole ringraziarti per la vicinanza, la dedizione, l&#8217;attenzione e l&#8217;amore che hai donato a ciascuno. <br>Quando sei arrivato, hai portato tra noi una ventata di innovazione, grinta, energia, semplicit\u00e0, immediatezza.<br>\u00c8 difficile, \u00e8 impossibile ricordare tutte le attivit\u00e0 e i progetti che hai avviato coinvolgendo tutti i tuoi parrocchiani. Ricordiamo l&#8217;entusiasmo e la determinazione nel rinnovamento strutturale della scuola materna don Luigi Scartozzoni e l&#8217;avvio del nido integrato; la tua presenza attiva al campo scuola a Prato Allo Stelvio; le tue braccia operose nel restauro e nella riapertura di Santa Maria in Valverde; la tua tenacia nell&#8217;avvio del Circolo Noi a San Rocco; il tuo entusiasmo nelle feste del Ringraziamento tra i contadini, arrivando a portare il carretto ai piedi dell&#8217;altare carico dei frutti della nostra terra.<br>Sei stato vicino e attivo nei gruppi parrocchiali, primo tra tutti il gruppo del catechismo. Ricordiamo le celebrazioni speciali dei sacramenti, la preparazioni dei chierichetti e delle chierichette, l&#8217;attenzione particolare ai malati e agli anziani, i pellegrinaggi ai santuari mariani, le vivaci e accese discussioni nei consigli pastorali, il sostegno ai cori parrocchiali e ai gruppi campanari.<br>Non \u00e8 mai mancata la tua presenza nel gruppo Alpini, nei donatori di sangue e organi, nell&#8217;Associazione Tromboni di Santa Maria, nella pro loco di Marano, nei vari comitati delle feste comunitarie e nel gruppo Tavola Rotonda di Purano. <br>Andavi a celebrare la Messa alla casa anziani Maria Brunetta, che poi ti ha ospitato in questo ultimo periodo della tua vita.<br>Abbiamo conosciuto tutti la tua semplicit\u00e0, bont\u00e0, generosit\u00e0 e coerenza. A ognuno, con le tue parole e il tuo esempio, hai fatto conoscere la misericordia di Dio.<br>Oggi abbiamo voluto portare qui la nostra Madonna di Santa Maria in Valverde, per la quale tanto hai lavorato. <br>Lei ti prenda per mano e ti accompagni nel giardino del Paradiso.<\/p>\n<p class=\"\" data-start=\"1995\" data-end=\"2055\">Ti abbiamo voluto tanto bene. Da lass\u00f9, intercedi per noi. Amen<\/p>\n<p data-start=\"1995\" data-end=\"2055\">Le parrocchie di Marano e San Rocco.<\/p>\n<p data-start=\"1995\" data-end=\"2055\">&nbsp;<\/p>\n\n\n\n<p>Di seguito il saluto e il ricordo di tante persone che hanno condiviso un tratto del proprio cammino di vita con don Luigi Accordini.                                      (sono il formato pdf, cliccare su Libro o Biglietti per visualizzare)<\/p>\n\n\n\n<p><a href=\"https:\/\/www.maranovalgatarasanrocco.it\/documenti\/Libro%20dei%20saluti%20a%20don%20Luigi%20Accordini.pdf\" target=\"_blank\" rel=\"noopener\">Libro dei saluti e dei ricordi<\/a><\/p>\n<p><a href=\"https:\/\/www.maranovalgatarasanrocco.it\/documenti\/Biglietti%20di%20saluto%20a%20don%20Luigi%20Accordini.pdf\" target=\"_blank\" rel=\"noopener\">Biglietti dei saluti\u00a0 e dei ricordi<\/a><\/p>\n\n\n\n\n","protected":false},"excerpt":{"rendered":"<p>Caro don Luigi, oggi siamo in tanti accanto a te ed ognuno di noi vuole ringraziarti per la vicinanza, la dedizione, l&#8217;attenzione e l&#8217;amore che hai donato a ciascuno. Quando sei arrivato, hai portato tra noi una ventata di innovazione, grinta, energia, semplicit\u00e0, immediatezza.\u00c8 difficile, \u00e8 impossibile ricordare tutte le attivit\u00e0 e i progetti che &hellip; <\/p>\n<p><a class=\"more-link btn\" href=\"https:\/\/www.maranovalgatarasanrocco.it\/a\/?page_id=3865\">Continua a leggere<\/a><\/p>\n","protected":false},"author":1,"featured_media":0,"parent":32,"menu_order":0,"comment_status":"closed","ping_status":"closed","template":"","meta":{"footnotes":""},"class_list":["post-3865","page","type-page","status-publish","hentry","nodate","item-wrap"],"_links":{"self":[{"href":"https:\/\/www.maranovalgatarasanrocco.it\/a\/index.php?rest_route=\/wp\/v2\/pages\/3865","targetHints":{"allow":["GET"]}}],"collection":[{"href":"https:\/\/www.maranovalgatarasanrocco.it\/a\/index.php?rest_route=\/wp\/v2\/pages"}],"about":[{"href":"https:\/\/www.maranovalgatarasanrocco.it\/a\/index.php?rest_route=\/wp\/v2\/types\/page"}],"author":[{"embeddable":true,"href":"https:\/\/www.maranovalgatarasanrocco.it\/a\/index.php?rest_route=\/wp\/v2\/users\/1"}],"replies":[{"embeddable":true,"href":"https:\/\/www.maranovalgatarasanrocco.it\/a\/index.php?rest_route=%2Fwp%2Fv2%2Fcomments&post=3865"}],"version-history":[{"count":5,"href":"https:\/\/www.maranovalgatarasanrocco.it\/a\/index.php?rest_route=\/wp\/v2\/pages\/3865\/revisions"}],"predecessor-version":[{"id":3875,"href":"https:\/\/www.maranovalgatarasanrocco.it\/a\/index.php?rest_route=\/wp\/v2\/pages\/3865\/revisions\/3875"}],"up":[{"embeddable":true,"href":"https:\/\/www.maranovalgatarasanrocco.it\/a\/index.php?rest_route=\/wp\/v2\/pages\/32"}],"wp:attachment":[{"href":"https:\/\/www.maranovalgatarasanrocco.it\/a\/index.php?rest_route=%2Fwp%2Fv2%2Fmedia&parent=3865"}],"curies":[{"name":"wp","href":"https:\/\/api.w.org\/{rel}","templated":true}]}}

<p class="" data-start="0" data-end="17"><a href="https://www.maranovalgatarasanrocco.it/a/wp-content/uploads/2025/03/1-_DSC0759.jpg" data-lbwps-width="2369" data-lbwps-height="1567" data-lbwps-srcsmall="https://www.maranovalgatarasanrocco.it/a/wp-content/uploads/2025/03/1-_DSC0759-750x496.jpg"><img loading="lazy" decoding="async" class="alignnone size-full wp-image-3867" src="https://www.maranovalgatarasanrocco.it/a/wp-content/uploads/2025/03/1-_DSC0759.jpg" alt="" width="2369" height="1567" srcset="https://www.maranovalgatarasanrocco.it/a/wp-content/uploads/2025/03/1-_DSC0759.jpg 2369w, https://www.maranovalgatarasanrocco.it/a/wp-content/uploads/2025/03/1-_DSC0759-300x198.jpg 300w, https://www.maranovalgatarasanrocco.it/a/wp-content/uploads/2025/03/1-_DSC0759-1024x677.jpg 1024w, https://www.maranovalgatarasanrocco.it/a/wp-content/uploads/2025/03/1-_DSC0759-768x508.jpg 768w, https://www.maranovalgatarasanrocco.it/a/wp-content/uploads/2025/03/1-_DSC0759-1536x1016.jpg 1536w, https://www.maranovalgatarasanrocco.it/a/wp-content/uploads/2025/03/1-_DSC0759-2048x1355.jpg 2048w, https://www.maranovalgatarasanrocco.it/a/wp-content/uploads/2025/03/1-_DSC0759-750x496.jpg 750w" sizes="auto, (max-width: 2369px) 100vw, 2369px" /></a>Caro don Luigi,</p>
<p class="" data-start="19" data-end="283">oggi siamo in tanti accanto a te ed ognuno di noi vuole ringraziarti per la vicinanza, la dedizione, l&#8217;attenzione e l&#8217;amore che hai donato a ciascuno. <br>Quando sei arrivato, hai portato tra noi una ventata di innovazione, grinta, energia, semplicità, immediatezza.<br>È difficile, è impossibile ricordare tutte le attività e i progetti che hai avviato coinvolgendo tutti i tuoi parrocchiani. Ricordiamo l&#8217;entusiasmo e la determinazione nel rinnovamento strutturale della scuola materna don Luigi Scartozzoni e l&#8217;avvio del nido integrato; la tua presenza attiva al campo scuola a Prato Allo Stelvio; le tue braccia operose nel restauro e nella riapertura di Santa Maria in Valverde; la tua tenacia nell&#8217;avvio del Circolo Noi a San Rocco; il tuo entusiasmo nelle feste del Ringraziamento tra i contadini, arrivando a portare il carretto ai piedi dell&#8217;altare carico dei frutti della nostra terra.<br>Sei stato vicino e attivo nei gruppi parrocchiali, primo tra tutti il gruppo del catechismo. Ricordiamo le celebrazioni speciali dei sacramenti, la preparazioni dei chierichetti e delle chierichette, l&#8217;attenzione particolare ai malati e agli anziani, i pellegrinaggi ai santuari mariani, le vivaci e accese discussioni nei consigli pastorali, il sostegno ai cori parrocchiali e ai gruppi campanari.<br>Non è mai mancata la tua presenza nel gruppo Alpini, nei donatori di sangue e organi, nell&#8217;Associazione Tromboni di Santa Maria, nella pro loco di Marano, nei vari comitati delle feste comunitarie e nel gruppo Tavola Rotonda di Purano. <br>Andavi a celebrare la Messa alla casa anziani Maria Brunetta, che poi ti ha ospitato in questo ultimo periodo della tua vita.<br>Abbiamo conosciuto tutti la tua semplicità, bontà, generosità e coerenza. A ognuno, con le tue parole e il tuo esempio, hai fatto conoscere la misericordia di Dio.<br>Oggi abbiamo voluto portare qui la nostra Madonna di Santa Maria in Valverde, per la quale tanto hai lavorato. <br>Lei ti prenda per mano e ti accompagni nel giardino del Paradiso.</p>
<p class="" data-start="1995" data-end="2055">Ti abbiamo voluto tanto bene. Da lassù, intercedi per noi. Amen</p>
<p data-start="1995" data-end="2055">Le parrocchie di Marano e San Rocco.</p>
<p data-start="1995" data-end="2055">&nbsp;</p>



<p>Di seguito il saluto e il ricordo di tante persone che hanno condiviso un tratto del proprio cammino di vita con don Luigi Accordini.                                      (sono il formato pdf, cliccare su Libro o Biglietti per visualizzare)</p>



<p><a href="https://www.maranovalgatarasanrocco.it/documenti/Libro%20dei%20saluti%20a%20don%20Luigi%20Accordini.pdf" target="_blank" rel="noopener">Libro dei saluti e dei ricordi</a></p>
<p><a href="https://www.maranovalgatarasanrocco.it/documenti/Biglietti%20di%20saluto%20a%20don%20Luigi%20Accordini.pdf" target="_blank" rel="noopener">Biglietti dei saluti  e dei ricordi</a></p>

<p>Caro don Luigi, oggi siamo in tanti accanto a te ed ognuno di noi vuole ringraziarti per la vicinanza, la dedizione, l&#8217;attenzione e l&#8217;amore che hai donato a ciascuno. Quando sei arrivato, hai portato tra noi una ventata di innovazione, grinta, energia, semplicità, immediatezza.È difficile, è impossibile ricordare tutte le attività e i progetti che &hellip; </p>
<p><a class="more-link btn" href="https://www.maranovalgatarasanrocco.it/a/?page_id=3865">Continua a leggere</a></p>
