{"id":3891,"date":"2025-03-30T07:40:32","date_gmt":"2025-03-30T07:40:32","guid":{"rendered":"https:\/\/www.maranovalgatarasanrocco.it\/a\/?page_id=3891"},"modified":"2025-03-30T07:42:08","modified_gmt":"2025-03-30T07:42:08","slug":"don-giuseppe-zivelonghi","status":"publish","type":"page","link":"https:\/\/www.maranovalgatarasanrocco.it\/a\/?page_id=3891","title":{"rendered":"Don Giuseppe Zivelonghi"},"content":{"rendered":"\n<p><em>Don Giuseppe \u00e8 nato a Marano di Valpolicella (VR) il 26 dicembre 1933 e come appartenente alla parrocchia di Valgatara \u00e8 stato ordinato presbitero il 29 giugno 1957.\u00a0\u00c8 stato insegnante nel Seminario Minore, dal 1957 al 1968. Fu quindi nominato Vice-Bibliotecario della Biblioteca Capitolare, dove lavor\u00f2 per 50 anni, dal 1968 al 2018. Nel 1976 era stato nominato Mansionario del Capitolo Canonicale della Cattedrale, fino al 2000, quando fu nominato Canonico effettivo del medesimo Capitolo. Nel 2007 era stato nominato Cappellano di Sua Santit\u00e0. Dal 2019 era Canonico emerito e dal 2020 era residente in Casa Sacerdoti di Negrar, ove nella mattina di venerd\u00ec 21 giugno 2024 \u00e8 defunto.<\/em>\u00a0(da\u00a0<a href=\"https:\/\/www.chiesadiverona.it\/\">Chiesa di Verona \u2013 Il portale della Diocesi di San Zeno<\/a>)<\/p>\n<p>\u00a0<\/p>\n\n\n\n<figure class=\"wp-block-image size-large\"><a href=\"https:\/\/www.maranovalgatarasanrocco.it\/a\/wp-content\/uploads\/2024\/06\/1-capitolare0009.jpg\" data-lbwps-width=\"2592\" data-lbwps-height=\"1944\" data-lbwps-srcsmall=\"https:\/\/www.maranovalgatarasanrocco.it\/a\/wp-content\/uploads\/2024\/06\/1-capitolare0009-750x563.jpg\"><img loading=\"lazy\" decoding=\"async\" width=\"1024\" height=\"768\" src=\"https:\/\/www.maranovalgatarasanrocco.it\/a\/wp-content\/uploads\/2024\/06\/1-capitolare0009-1024x768.jpg\" alt=\"\" class=\"wp-image-3515\" srcset=\"https:\/\/www.maranovalgatarasanrocco.it\/a\/wp-content\/uploads\/2024\/06\/1-capitolare0009-1024x768.jpg 1024w, https:\/\/www.maranovalgatarasanrocco.it\/a\/wp-content\/uploads\/2024\/06\/1-capitolare0009-300x225.jpg 300w, https:\/\/www.maranovalgatarasanrocco.it\/a\/wp-content\/uploads\/2024\/06\/1-capitolare0009-768x576.jpg 768w, https:\/\/www.maranovalgatarasanrocco.it\/a\/wp-content\/uploads\/2024\/06\/1-capitolare0009-1536x1152.jpg 1536w, https:\/\/www.maranovalgatarasanrocco.it\/a\/wp-content\/uploads\/2024\/06\/1-capitolare0009-2048x1536.jpg 2048w, https:\/\/www.maranovalgatarasanrocco.it\/a\/wp-content\/uploads\/2024\/06\/1-capitolare0009-750x563.jpg 750w\" sizes=\"auto, (max-width: 1024px) 100vw, 1024px\" \/><\/a><\/figure>\n","protected":false},"excerpt":{"rendered":"<p>Don Giuseppe \u00e8 nato a Marano di Valpolicella (VR) il 26 dicembre 1933 e come appartenente alla parrocchia di Valgatara \u00e8 stato ordinato presbitero il 29 giugno 1957.\u00a0\u00c8 stato insegnante nel Seminario Minore, dal 1957 al 1968. Fu quindi nominato Vice-Bibliotecario della Biblioteca Capitolare, dove lavor\u00f2 per 50 anni, dal 1968 al 2018. Nel 1976 &hellip; <\/p>\n<p><a class=\"more-link btn\" href=\"https:\/\/www.maranovalgatarasanrocco.it\/a\/?page_id=3891\">Continua a leggere<\/a><\/p>\n","protected":false},"author":1,"featured_media":0,"parent":22,"menu_order":3,"comment_status":"closed","ping_status":"closed","template":"","meta":{"footnotes":""},"class_list":["post-3891","page","type-page","status-publish","hentry","nodate","item-wrap"],"_links":{"self":[{"href":"https:\/\/www.maranovalgatarasanrocco.it\/a\/index.php?rest_route=\/wp\/v2\/pages\/3891","targetHints":{"allow":["GET"]}}],"collection":[{"href":"https:\/\/www.maranovalgatarasanrocco.it\/a\/index.php?rest_route=\/wp\/v2\/pages"}],"about":[{"href":"https:\/\/www.maranovalgatarasanrocco.it\/a\/index.php?rest_route=\/wp\/v2\/types\/page"}],"author":[{"embeddable":true,"href":"https:\/\/www.maranovalgatarasanrocco.it\/a\/index.php?rest_route=\/wp\/v2\/users\/1"}],"replies":[{"embeddable":true,"href":"https:\/\/www.maranovalgatarasanrocco.it\/a\/index.php?rest_route=%2Fwp%2Fv2%2Fcomments&post=3891"}],"version-history":[{"count":1,"href":"https:\/\/www.maranovalgatarasanrocco.it\/a\/index.php?rest_route=\/wp\/v2\/pages\/3891\/revisions"}],"predecessor-version":[{"id":3892,"href":"https:\/\/www.maranovalgatarasanrocco.it\/a\/index.php?rest_route=\/wp\/v2\/pages\/3891\/revisions\/3892"}],"up":[{"embeddable":true,"href":"https:\/\/www.maranovalgatarasanrocco.it\/a\/index.php?rest_route=\/wp\/v2\/pages\/22"}],"wp:attachment":[{"href":"https:\/\/www.maranovalgatarasanrocco.it\/a\/index.php?rest_route=%2Fwp%2Fv2%2Fmedia&parent=3891"}],"curies":[{"name":"wp","href":"https:\/\/api.w.org\/{rel}","templated":true}]}}

<p><em>Don Giuseppe è nato a Marano di Valpolicella (VR) il 26 dicembre 1933 e come appartenente alla parrocchia di Valgatara è stato ordinato presbitero il 29 giugno 1957. È stato insegnante nel Seminario Minore, dal 1957 al 1968. Fu quindi nominato Vice-Bibliotecario della Biblioteca Capitolare, dove lavorò per 50 anni, dal 1968 al 2018. Nel 1976 era stato nominato Mansionario del Capitolo Canonicale della Cattedrale, fino al 2000, quando fu nominato Canonico effettivo del medesimo Capitolo. Nel 2007 era stato nominato Cappellano di Sua Santità. Dal 2019 era Canonico emerito e dal 2020 era residente in Casa Sacerdoti di Negrar, ove nella mattina di venerdì 21 giugno 2024 è defunto.</em> (da <a href="https://www.chiesadiverona.it/">Chiesa di Verona – Il portale della Diocesi di San Zeno</a>)</p>
<p> </p>



<figure class="wp-block-image size-large"><a href="https://www.maranovalgatarasanrocco.it/a/wp-content/uploads/2024/06/1-capitolare0009.jpg" data-lbwps-width="2592" data-lbwps-height="1944" data-lbwps-srcsmall="https://www.maranovalgatarasanrocco.it/a/wp-content/uploads/2024/06/1-capitolare0009-750x563.jpg"><img loading="lazy" decoding="async" width="1024" height="768" src="https://www.maranovalgatarasanrocco.it/a/wp-content/uploads/2024/06/1-capitolare0009-1024x768.jpg" alt="" class="wp-image-3515" srcset="https://www.maranovalgatarasanrocco.it/a/wp-content/uploads/2024/06/1-capitolare0009-1024x768.jpg 1024w, https://www.maranovalgatarasanrocco.it/a/wp-content/uploads/2024/06/1-capitolare0009-300x225.jpg 300w, https://www.maranovalgatarasanrocco.it/a/wp-content/uploads/2024/06/1-capitolare0009-768x576.jpg 768w, https://www.maranovalgatarasanrocco.it/a/wp-content/uploads/2024/06/1-capitolare0009-1536x1152.jpg 1536w, https://www.maranovalgatarasanrocco.it/a/wp-content/uploads/2024/06/1-capitolare0009-2048x1536.jpg 2048w, https://www.maranovalgatarasanrocco.it/a/wp-content/uploads/2024/06/1-capitolare0009-750x563.jpg 750w" sizes="auto, (max-width: 1024px) 100vw, 1024px" /></a></figure>

<p>Don Giuseppe è nato a Marano di Valpolicella (VR) il 26 dicembre 1933 e come appartenente alla parrocchia di Valgatara è stato ordinato presbitero il 29 giugno 1957. È stato insegnante nel Seminario Minore, dal 1957 al 1968. Fu quindi nominato Vice-Bibliotecario della Biblioteca Capitolare, dove lavorò per 50 anni, dal 1968 al 2018. Nel 1976 &hellip; </p>
<p><a class="more-link btn" href="https://www.maranovalgatarasanrocco.it/a/?page_id=3891">Continua a leggere</a></p>
